 Suppose -18 = -x - i. What is the units digit of x?
1
Suppose 2*p = 4*p - 74. Let h = 21 - -5. Let f = p - h. What is the tens digit of f?
1
Suppose 0*v = 2*r + v + 7, -4*r = -v + 17. Let t = 7 + r. Suppose -t*f + 26 = -25. What is the units digit of f?
7
Let u(i) = -2*i**2 + 4*i. Let q be u(3). Let t be 0/q + (-1)/1. What is the units digit of t/3 - (-38)/6?
6
Let k = 2 + -1. What is the units digit of k?
1
Suppose 3*l = -l. Suppose -o + 2*d + 8 = l, 3*o + 2*d - 16 = 4*d. Suppose 0 = -2*n - 4*v + 14, 6*n - o*v - 35 = n. What is the units digit of n?
7
Let k = -5 + 10. Let c = 13 - k. What is the units digit of c?
8
Let u(i) = 4*i - 15. Let f(m) = 11*m - 44. Let x = 3 - -5. Let c(h) = x*u(h) - 3*f(h). What is the tens digit of c(0)?
1
Let o(m) = -m**2 - 14*m + 12. What is the tens digit of o(-7)?
6
Let w = -2 + 1. Let p be 1 + (-1)/(-2 + 1). What is the units digit of (p + 12/w)/(-2)?
5
Let p(a) be the second derivative of 5*a**3/3 - a. Let l(i) = -i. Let s(d) = 8*l(d) + p(d). What is the units digit of s(4)?
8
Let q(y) = -y**2 + 6*y + 6. Let s be q(6). Let o = s - -2. What is the units digit of 20/6 - o/(-12)?
4
Let i(n) = 56*n - 64. What is the units digit of i(4)?
0
Suppose x = -5*p + 169, -x = 5*p - 2*x - 161. What is the tens digit of p?
3
Let q(i) = -3*i**2 - 5 + 6*i**2 + 3*i - i**3 + 4. Let p(k) = -k**3 + 6*k**2 - 5*k + 3. Let m be p(5). What is the units digit of q(m)?
8
Let z = -2 - -3. Suppose -n + 0*n - 11 = -3*l, 3*n + 13 = -l. Let o = z + l. What is the units digit of o?
3
Suppose 0*g + 3 = -3*g. What is the units digit of (-423)/(-18) - g/2?
4
Let x(u) = -u**3 + 7*u**2 - u + 9. Let a be x(7). Let i be (-10)/(-4) + a/(-4). What is the units digit of i + (0/(-1))/(-2)?
2
Suppose 21 = -2*j - 3*m, -j - 3*m - 3 = -5*j. What is the units digit of 1 - j*(6 - 3)?
0
Suppose 0*m = 2*m - 248. Suppose z - m = -3*z. Let h = z + -13. What is the units digit of h?
8
Let j(a) = a**2 + 6*a + 8. Let d be 3/(3 + 32/(-10)). Let m = d + 8. What is the units digit of j(m)?
5
Let i(b) = -23*b**3 + b**2 + b + 1. What is the units digit of i(-1)?
4
Let f(w) = w**3 + 10*w**2 - 8*w - 8. Let o be f(-8). What is the units digit of (-20)/(-8)*o/10?
6
Let a be 15 + 0/1 + 0. Suppose 7*x - 2*x = -a. What is the units digit of (-4)/x*(2 - -1)?
4
Suppose 1 = 2*m - 25. What is the tens digit of m?
1
Suppose 0*c - 124 = 4*c. Let d = c + 43. What is the units digit of d?
2
Suppose -26 = -3*v + 28. What is the units digit of v?
8
Suppose -16*p + 36 = -13*p. What is the tens digit of p?
1
Let p(o) be the second derivative of o**3/3 - 5*o**2/2 - o. Let z be p(4). Let k = z - 2. What is the units digit of k?
1
What is the units digit of -2*(14/(-4) + 2)?
3
Suppose 0 = -y - 3 - 2. Let s be (-1 + 0/(-2))*y. Suppose 0 = -2*i - s*r + 31, -3*i + r + 18 = -r. What is the units digit of i?
8
Suppose -2*p = -6, -2*r + 425 = -p - 2*p. What is the tens digit of r?
1
What is the tens digit of -2*3/2 - -25?
2
Suppose -j + 0*j = -13. Suppose 5*m + 5 = 3*y - j, 2*m = 4*y - 38. Let h = -1 + y. What is the tens digit of h?
1
Suppose 0 = 5*s - 10 - 80. Let d be ((-10)/(-15))/(4/s). Suppose 0 = -0*l + l + y - 7, 5*l + d*y = 29. What is the units digit of l?
4
What is the units digit of (27/15)/((-15)/(-50))?
6
What is the tens digit of ((-300)/70)/((-2)/14)?
3
Suppose 0*m - w - 291 = -5*m, 4*m - 232 = w. What is the units digit of m?
9
Suppose y - 2*t = 15 + 2, -3*y - 4*t + 41 = 0. Let z = 34 - y. What is the tens digit of z?
1
Suppose 3*n - 1512 = -6*n. What is the units digit of n?
8
Let o = -388 - -728. What is the hundreds digit of o?
3
Let a = -7 - -13. Suppose -4*t + a = -2*t + 2*o, -5*t = 2*o. What is the tens digit of 9*1 - (t - -1)?
1
Let b(t) = -t - 6. Let s(v) = 5*v + 31. Let g(h) = 22*b(h) + 4*s(h). What is the units digit of g(-12)?
6
Let s(t) = -3 - 2*t + 1 - 4. Let k be s(-5). What is the units digit of 18/5*10/k?
9
Suppose -3*b = 15, 2 = 3*j + 2*b - 0*b. Suppose 3*g = 2*n - g - 14, -j = -2*n - g. What is the units digit of n?
3
Let t(i) = i**3 + 8. Let s be t(0). What is the units digit of 5/(-20) - (-18)/s?
2
Suppose 0 = 7*z - 2*z + 5. Let c(h) = 32*h**2 + 2*h + 2. What is the tens digit of c(z)?
3
Let q = -28 + 51. What is the tens digit of q?
2
Let a(h) be the third derivative of h**6/120 - h**5/20 + h**4/8 - h**3/6 - 2*h**2. Let j(q) = q**2 - 12*q + 2. Let l be j(12). What is the units digit of a(l)?
1
Let t = 1 - 1. What is the units digit of 1*((-10)/(-2) - t)?
5
Suppose 0 = -4*i - 62 + 270. Suppose -6*a - i = -8*a. What is the units digit of a?
6
Let g be (-4)/(-3*(-2)/(-3)). Suppose -g*r = -0 - 4. Suppose -6*l = -r*l - 4*f - 48, 3*l - 5*f = 46. What is the units digit of l?
7
Let m = 216 - 96. Suppose -3*s - 60 = -2*c - 8*s, -4*c = 5*s - m. What is the tens digit of c?
3
Suppose 5*u = -c - 7, 3 + 6 = -4*c - u. What is the units digit of 4*(1 + c)*-1?
4
Suppose 2*l - 5*i + 0 = -4, -5*i + 44 = 3*l. Suppose -4*a - l = 3*t, -2*a - 2*a - 20 = 0. What is the units digit of t?
4
Suppose 4*l = -l. Suppose -4*q + q + 150 = l. Suppose 5*i = 3*w - 6*w + q, -8 = -2*i. What is the units digit of w?
0
Let w = -212 - -316. What is the units digit of w?
4
Let d(g) = -g**3 + 4*g**2 + 7*g - 6. Let s be d(5). Suppose -s*z + v = -3*v - 64, -z + 2*v = -20. What is the tens digit of z?
1
Let z be (-33)/(-6) + 1/2. Let x = z + -1. Suppose -x*n + 0*n = -20. What is the units digit of n?
4
Suppose z = 2*z - 75. What is the units digit of z?
5
Let s(j) = j - 2. Let a be s(4). Suppose a*d = -0*d + 18. What is the units digit of 3/2*12/d?
2
Let r(a) be the third derivative of a**6/120 - a**5/6 + 13*a**4/24 - 5*a**3/3 + 5*a**2. What is the units digit of r(9)?
6
Let q(j) = 4*j + 8 + 3 - 5*j + 1. What is the units digit of q(-6)?
8
Suppose -3*y + 0*y = -84. Suppose -50 = -4*v + 2*h, 2*v - 2*h - y = 2*h. What is the units digit of v?
2
Let d be (-1)/(1*4/(-20)). Suppose 0 = 2*p + 5*w - w + 10, -3*p - 4*w = d. What is the units digit of p?
5
Let v(s) = -s**2 - 11*s + 14. Let w be v(-12). Suppose 0 = -w*q + 8 - 4. Suppose 4*r + 18 = q*c, -r - r = -4. What is the tens digit of c?
1
Let u(m) = m**3 - 3*m**2 - 6*m - 7. Let j be (-153)/(-36) - 3/(-4). What is the tens digit of u(j)?
1
Let w = 16 - 8. What is the units digit of w?
8
Let j = 16 + 54. Let u = 100 - j. What is the units digit of u?
0
Suppose 80*u - 76*u - 300 = 0. What is the tens digit of u?
7
Let f(z) = -6*z - 5. What is the tens digit of f(-18)?
0
Let f = 44 - 24. What is the tens digit of f?
2
Let f = 3 - 3. Suppose h = -f*h + 19. What is the units digit of h?
9
Let k(x) = x**3 - 5*x**2 - x + 7. Let n be k(5). Let j be (-6)/(2/((-2)/n)). What is the units digit of (1/j)/((-3)/(-27))?
3
Suppose 0 = -0*a - 3*a, -3*m + 21 = -2*a. Suppose 0 = -10*j + m*j + 75. What is the units digit of j?
5
Suppose -4*x + 7 = -3*x. What is the units digit of (x - 5)/(-1 + 2)?
2
What is the units digit of 158/4 - 5/10?
9
Let t be (-13 - (-2 - 0))*1. Let u = 41 + t. What is the units digit of (2/(-6))/((-2)/u)?
5
Suppose 157 = -7*u + 8*u. What is the tens digit of u?
5
Suppose -43 = 2*p - 5*p - 2*l, -4*l = p - 31. Let r = p - 2. What is the units digit of r?
9
Let k(b) = -34*b**3 + b. Let r be k(1). Let s = -21 - r. Let l = s + -6. What is the units digit of l?
6
Suppose 4*v = 6*v - 4*h - 74, v = -4*h + 49. What is the units digit of v?
1
Let d(o) = -o**2 + 15*o - 5. Let b be d(10). Let v = b + -17. What is the tens digit of v?
2
Suppose 73*j - 72*j = 143. What is the units digit of j?
3
Let y(p) = p + 8. What is the units digit of y(-4)?
4
Let r = 5 - 2. Let o be (1/(-2))/(r/(-144)). Suppose 3*m - t + 12 = 40, -4*t + o = 5*m. What is the units digit of m?
8
Let n be ((-3)/(-4))/(2/8). Let u be ((-4)/(-5))/(n/(-30)). Let y = u + 17. What is the units digit of y?
9
Suppose 0 = -5*w - f - 18, 0*f + 3*f = -3*w - 6. Let b(c) = c - 3. Let s be b(w). Let x = s - -17. What is the tens digit of x?
1
Let r(z) = 8*z - 6. Let v(l) = -7*l + 6. Let p(y) = -5*r(y) - 6*v(y). Let h be p(8). What is the units digit of (-3)/15 - (-192)/h?
9
Let l(g) = -2*g - 6. Let s be l(-4). Let n = s + -2. Suppose -i + n = -3, 4*u - 2*i = 2. What is the units digit of u?
2
Let z be 120/28 - 4/14. Suppose z*g = 18 + 18. What is the units digit of g?
9
Suppose -37 = 5*j - 112. What i